ors of 51741.
3, 5749
List the prime factors of 407.
11, 37
What are the prime factors of 955?
5, 191
What are the prime factors of 56583?
3, 6287
What are the prime factors of 2015?
5, 13, 31
List the prime factors of 2182.
2, 1091
List the prime factors of 10831.
10831
What are the prime factors of 83971?
131, 641
List the prime factors of 985.
5, 197
List the prime factors of 2810.
2, 5, 281
What are the prime factors of 3400?
2, 5, 17
What are the prime factors of 8280?
2, 3, 5, 23
What are the prime factors of 43717?
43717
List the prime factors of 247.
13, 19
What are the prime factors of 42920?
2, 5, 29, 37
What are the prime factors of 1932?
2, 3, 7, 23
List the prime factors of 2590.
2, 5, 7, 37
List the prime factors of 16113.
3, 41, 131
List the prime factors of 27196.
2, 13, 523
List the prime factors of 98056.
2, 7, 17, 103
List the prime factors of 15758.
2, 7879
List the prime factors of 60922.
2, 83, 367
What are the prime factors of 53587?
41, 1307
What are the prime factors of 3961?
17, 233
List the prime factors of 58687.
58687
List the prime factors of 36502.
2, 18251
List the prime factors of 7997.
11, 727
What are the prime factors of 2296?
2, 7, 41
What are the prime factors of 12622?
2, 6311
List the prime factors of 1378.
2, 13, 53
List the prime factors of 1317.
3, 439
What are the prime factors of 8326?
2, 23, 181
List the prime factors of 950.
2, 5, 19
What are the prime factors of 109535?
5, 19, 1153
What are the prime factors of 279?
3, 31
What are the prime factors of 53886?
2, 3, 7, 1283
List the prime factors of 3454.
2, 11, 157
List the prime factors of 29779.
97, 307
What are the prime factors of 10333?
10333
What are the prime factors of 2747?
41, 67
List the prime factors of 23070.
2, 3, 5, 769
What are the prime factors of 4756?
2, 29, 41
What are the prime factors of 8191?
8191
What are the prime factors of 64850?
2, 5, 1297
What are the prime factors of 42011?
43, 977
What are the prime factors of 33582?
2, 3, 29, 193
List the prime factors of 61245.
3, 5, 1361
What are the prime factors of 5166?
2, 3, 7, 41
List the prime factors of 5471.
5471
What are the prime factors of 15238?
2, 19, 401
What are the prime factors of 1715?
5, 7
What are the prime factors of 288?
2, 3
List the prime factors of 13613.
13613
List the prime factors of 6451.
6451
List the prime factors of 13005.
3, 5, 17
List the prime factors of 51035.
5, 59, 173
What are the prime factors of 3835?
5, 13, 59
List the prime factors of 423.
3, 47
List the prime factors of 2733.
3, 911
What are the prime factors of 8741?
8741
List the prime factors of 16737.
3, 7, 797
What are the prime factors of 45?
3, 5
What are the prime factors of 16640?
2, 5, 13
List the prime factors of 2552.
2, 11, 29
List the prime factors of 52379.
52379
What are the prime factors of 8089?
8089
List the prime factors of 1517.
37, 41
List the prime factors of 89785.
5, 17957
List the prime factors of 857.
857
What are the prime factors of 7363?
37, 199
List the prime factors of 16813.
17, 23, 43
What are the prime factors of 13225?
5, 23
What are the prime factors of 1051?
1051
What are the prime factors of 32953?
31, 1063
What are the prime factors of 59510?
2, 5, 11, 541
What are the prime factors of 3107?
13, 239
What are the prime factors of 3061?
3061
List the prime factors of 1224.
2, 3, 17
What are the prime factors of 12?
2, 3
List the prime factors of 150720.
2, 3, 5, 157
List the prime factors of 59868.
2, 3, 1663
List the prime factors of 219.
3, 73
List the prime factors of 288.
2, 3
What are the prime factors of 15038?
2, 73, 103
List the prime factors of 26612.
2, 6653
What are the prime factors of 2550?
2, 3, 5, 17
List the prime factors of 5440.
2, 5, 17
What are the prime factors of 9160?
2, 5, 229
What are the prime factors of 554?
2, 277
List the prime factors of 985.
5, 197
What are the prime factors of 2739?
3, 11, 83
What are the prime factors of 52610?
2, 5, 5261
List the prime factors of 35090.
2, 5, 11, 29
What are the prime factors of 76252?
2, 11, 1733
What are the prime factors of 62270?
2, 5, 13, 479
List the prime factors of 178.
2, 89
What are the prime factors of 1696?
2, 53
List the prime factors of 438.
2, 3, 73
List the prime factors of 11579.
11579
List the prime factors of 2377.
2377
What are the prime factors of 18869?
18869
List the prime factors of 172.
2, 43
What are the prime factors of 82842?
2, 3, 13807
What are the prime factors of 303?
3, 101
List the prime factors of 25338.
2, 3, 41, 103
List the prime factors of 1213.
1213
List the prime factors of 2001.
3, 23, 29
List the prime factors of 34493.
17, 2029
What are the prime factors of 35811?
3, 23, 173
What are the prime factors of 21641?
17, 19, 67
What are the prime factors of 30228?
2, 3, 11, 229
List the prime factors of 8924.
2, 23, 97
What are the prime factors of 942?
2, 3, 157
List the prime factors of 2385.
3, 5, 53
List the prime factors of 3719.
3719
What are the prime factors of 3451?
7, 17, 29
List the prime factors of 2447.
2447
List the prime factors of 11555.
5, 2311
List the prime factors of 1272.
2, 3, 53
List the prime factors of 552.
2, 3, 23
What are the prime factors of 5191?
29, 179
List the prime factors of 39052.
2, 13, 751
List the prime factors of 8969.
8969
What are the prime factors of 63898?
2, 43, 743
List the prime factors of 15564.
2, 3, 1297
What are the prime factors of 26533?
13, 157
List the prime factors of 4705.
5, 941
What are the prime factors of 134?
2, 67
What are the prime factors of 2817?
3, 313
List the prime factors of 4972.
2, 11, 113
What are the prime factors of 1377?
3, 17
What are the prime factors of 4995?
3, 5, 37
List the prime factors of 2648.
2, 331
What are the prime factors of 20210?
2, 5, 43, 47
What are the prime factors of 5900?
2, 5, 59
List the prime factors of 568.
2, 71
What are the prime factors of 13840?
2, 5, 173
List the prime factors of 4898.
2, 31, 79
What are the prime factors of 1325?
5, 53
What are the prime factors of 27970?
2, 5, 2797
What are the prime factors of 8099?
7, 13, 89
List the prime factors of 12658.
2, 6329
What are the prime factors of 324?
2, 3
List the prime factors of 94302.
2, 3, 13, 31
List the prime factors of 39155.
5, 41, 191
What are the prime factors of 5677?
7, 811
List the prime factors of 1893.
3, 631
List the prime factors of 4660.
2, 5, 233
List the prime factors of 102984.
2, 3, 7, 613
What are the prime factors of 1326?
2, 3, 13, 17
List the prime factors of 835.
5, 167
What are the prime factors of 52075?
5, 2083
What are the prime factors of 3784?
2, 11, 43
List the prime factors of 1253.
7, 179
List the prime factors of 247.
13, 19
What are the prime factors of 456?
2, 3, 19
List the prime factors of 6230.
2, 5, 7, 89
What are the prime factors of 11106?
2, 3, 617
What are the prime factors of 11373?
3, 17, 223
List the prime factors of 3859.
17, 227
What are the prime factors of 3441?
3, 31, 37
What are the prime factors of 41096?
2, 11, 467
List the prime factors of 6998.
2, 3499
List the prime factors of 189256.
2, 41, 577
List the prime factors of 932.
2, 233
What are the prime factors of 1217?
1217
List the prime factors of 8688.
2, 3, 181
List the prime factors of 7868.
2, 7, 281
List the prime factors of 5498.
2, 2749
List the prime factors of 11679.
3, 17, 229
List the prime factors of 81849.
3, 27283
What are the prime factors of 7654?
2, 43, 89
List the prime factors of 11799.
3, 19, 23
What are the prime factors of 2675?
5, 107
What are the prime factors of 16730?
2, 5, 7, 239
What are the prime factors of 72414?
2, 3, 149
List the prime factors of 670.
2, 5, 67
What are the prime factors of 488?
2, 61
What are the prime factors of 527?
17, 31
What are the prime factors of 606?
2, 3, 101
What are the prime factors of 7083?
3, 787
What are the prime factors of 20993?
7, 2999
What are the prime factors of 198?
2, 3, 11
What are the prime factors of 4469?
41, 109
List the prime factors of 1366.
2, 683
List the prime factors of 9593.
53, 181
List the prime factors of 1255.
5, 251
List the prime factors of 20168.
2, 2521
What are the prime factors of 6495?
3, 5, 433
What are the prime factors of 10158?
2, 3, 1693
What are the prime factors of 10607